) be the first derivative of 4*d**3/3 - d - 1. Let w be i(-1). Let q be w/((-9)/(-3)) - 3. Determine j(q).
4
Let r(x) = x**2 - 2*x + 2. Let j be r(3). Let c(m) = -9*m + 295*m**2 - 1 - 300*m**2 + 4*m. Let s(f) = -4*f**2 - 5*f - 2. Let d(v) = j*c(v) - 6*s(v). Give d(6).
1
Let k(v) = -v + 5. Let d be (-975)/(-12) + 2 - (-2)/(-8). Suppose -d = -12*n - 11. Determine k(n).
-1
Let u(j) = 12*j + 25. Let l be (-8)/48*-4*(-21)/2. Let o(k) = -7*k - 13. Let w(b) = l*o(b) - 4*u(b). Give w(0).
-9
Let x(q) = q**3 - 4*q**2 - 9*q + 4. Let g = 204 - 202. Let k(l) be the second derivative of l**4/12 + l**2/2 + l. Let r(a) = g*k(a) - x(a). What is r(7)?
12
Let a(k) be the third derivative of k**4/4 + k**3/3 + 71*k**2 - 2. Determine a(6).
38
Let w(f) = -f**3 - 15*f**2 - 15*f - 19. Suppose -3*m - 14 = -3*g + 13, 2*m - 5*g = -3. Let x be w(m). Let j(t) = -t - 10. Determine j(x).
-5
Let f(j) = 5 - 3 + 0 - j**3 + 6*j**3 - j**3. Determine f(-2).
-30
Let n(l) = 15*l**3 - 2*l**2 + 1. Let t = 25 - 19. Suppose -5*h - t = 4*x, 5*x + 1 = 4*h - 7*h. What is n(x)?
14
Let k = -78 + 82. Let o(w) = 2*w**2 - 5*w - 2. What is o(k)?
10
Let n(m) be the second derivative of 17*m**3/3 - 94*m. What is n(1)?
34
Let v(l) = l**3 + 2*l - 2*l**3 - 2*l**2 - 4*l. Suppose 14*y + 66 = -19*y. What is v(y)?
4
Let d(u) = 7*u - 50. Let t be d(8). Let j(f) = 3*f - 3. Let m be j(2). Let i(q) = m*q**2 - q**3 + 0*q**3 + 11 - t - 3*q + 2*q**3. Give i(-4).
1
Let q(y) = 2*y + 7. Let x(t) = 10*t + 36. Let f be -132*(-6 + 2)/8. Let n be (-4)/8*f/(-3). Let s(p) = n*q(p) - 2*x(p). Give s(-4).
-3
Let g(m) = 6*m + 1. Suppose 15*q = 6 + 9. What is g(q)?
7
Let h(b) = 2*b**2 - 4*b + 1. Let c be h(2). Let y(q) = 32*q. What is y(c)?
32
Let j(i) = i**3 + 2*i + 5. Let r(y) = y**3 + 3*y + 5. Let d(v) = 5*v - 2. Let a be d(2). Let g = 11 - a. Let l(h) = g*r(h) - 4*j(h). Determine l(0).
-5
Let g(h) = -3*h**3 + h**2 - 1. Suppose -w + 9 + 35 = 0. Let o = w + -43. Give g(o).
-3
Let x(a) = a**3 - a**2 - 8. Let l(w) = 2*w**3 - 3*w**2 - w - 13. Let t(v) = -3*l(v) + 5*x(v). What is t(4)?
11
Suppose 0 = l + 1 - 3, 4*l - 38 = -5*w. Let z(p) = -p**3 + 6*p**2 + 9*p - 13. What is z(w)?
41
Let n = 27 + -3. Suppose 4*m + 5*a - n = 0, 3*a - 30 = -5*m - 0*a. Let r(j) = -j**3 + 6*j**2 - 3*j + 9. Calculate r(m).
-9
Let c be (30/20)/(-3)*(-1 - 1). Let m(f) = 3*f**2 + f - 1. What is m(c)?
3
Suppose -2*i + 4 = 7*j - 3*j, 0 = -2*j. Let c be i/(-5) - -52*(-3)/(-15). Let w(p) = p**3 - 10*p**2 + 2*p - 13. What is w(c)?
7
Let g(r) = 21*r - 5 - 40*r + 18*r. What is g(-3)?
-2
Let k(m) = -2*m**2 + 1. Let g be k(1). Let w be ((-12)/(-5))/(9/90). Let o(n) = w*n**3 - 1 + 23*n**3 - 42*n**3. Give o(g).
-6
Suppose 2*t + 20 = -40. Let u be (-4)/(-10) - (-162)/t. Let w(k) = 3*k**2 + 5*k + 9. Let i(j) = 4*j**2 + 5*j + 10. Let o(m) = 2*i(m) - 3*w(m). Calculate o(u).
-7
Let v(l) = -l - 30. Let z(k) = 4*k + 131. Let h(f) = -9*v(f) - 2*z(f). Calculate h(7).
15
Let z(h) be the third derivative of -h**5/30 + 13*h**4/8 - 3*h**3/2 + h**2 - 45. Give z(19).
10
Let g(o) = 2*o + 3. Suppose -2*x - 44 = -6*x. Let f(a) = -6*a - 8. Let m(v) = x*g(v) + 4*f(v). Suppose 2*s - 10 = -0. Determine m(s).
-9
Let v(u) = -11*u**2 + 2*u + 1. Suppose 3*c + 21 = 6. Let r be 4/(-3)*(-4 + 1). Let l = c + r. Give v(l).
-12
Suppose 0 = 4*s + 5*n - 72, -6*s + 48 = -2*s - n. Let g(z) = -z + 18. Let h be g(s). Suppose 1 = 2*d - h. Let j(q) = -q**2 + 6*q - 3. Calculate j(d).
6
Let d(a) = -199*a + 64*a + 64*a + 70*a - 3. Calculate d(6).
-9
Let n(c) be the third derivative of -c**6/120 + c**5/30 + c**4/6 - 2*c**3/3 - 16*c**2. Let o be (-8 - (-2)/1)*(-1)/2. Determine n(o).
-1
Let o(p) be the third derivative of -p**6/120 + 3*p**5/20 + p**4/24 - p**3/2 + 15*p**2 - 2*p. Determine o(9).
6
Let s(m) be the third derivative of m**7/280 + m**6/720 - m**5/15 + 7*m**2. Let q(f) be the third derivative of s(f). Calculate q(1).
19
Let m(r) be the third derivative of 1/6*r**3 - 1/30*r**5 - 4*r**2 + 0*r + 0*r**4 + 0. Give m(-2).
-7
Let i(h) = -5*h - 96. Let z(m) = -2*m**3 - 4. Let c be z(2). Let l be i(c). Let n(p) = -p**2 + p - 3. Calculate n(l).
-15
Let q(b) = 7*b**2 + b. Let s be (33/9 + -2)*3. Suppose s*p = -0*p. Suppose 3*u - 2*u = 2*r, -5*r + 2*u - 1 = p. Give q(r).
6
Let m(v) = v**3 + 5*v**2 - 4*v + 7. Let t be m(-6). Let g(h) = -h**2 - 7*h - 7. Let a be g(t). Let i(r) = -r**3 + 2*r**2 + 3*r. What is i(a)?
0
Let y(g) = 7*g + 5. Let q(k) = 20*k + 15. Let i be (-4)/(-14) + 44/(-7). Let v be (-1 + 0)*(9/1 + -26). Let x(u) = i*q(u) + v*y(u). Give x(-6).
1
Let v be ((-9)/(-3))/(-3) + 8. Suppose 5*i + v + 13 = 0. Let l = i - -10. Let w(b) = 2*b - 8. Determine w(l).
4
Let x(k) = -k**2 - 26*k + 26. Let o(p) = -p**2 + 39*p + 295. Let n be o(46). What is x(n)?
-1
Let k be 135/(-54) + (-6)/(-4). Let j(y) = -y**2 - 1. Let t(n) = -n**3 - 11*n**2 - 6. Let p(o) = k*t(o) + 4*j(o). Calculate p(-7).
2
Let d(s) = 2*s**3 + 2*s**2 + s + 1. Suppose -4*q = 5*l + 6, -5*l - 59*q = -60*q + 11. Give d(l).
-9
Suppose 5*u = 5*r - 6*r - 11, u + 11 = 2*r. Suppose 6*d = 32 + r. Let o(f) = -f**2 + 5*f + 6. Give o(d).
0
Suppose 10*v = -34*v - 308. Let d(q) = -q**3 - 6*q**2 + 5*q - 4. Give d(v).
10
Suppose 4*k - 10 + 2 = 0. Suppose g + k*g = 0. Let r(x) = 1 - x - x**3 + g - 2*x**2 + 5*x**2 - x**2. What is r(2)?
-1
Suppose 0*j = 4*j - 8. Let m(p) = 7*p**2 - 6 - 8*p - 8*p**j + 2*p**2 - 2*p**2. Calculate m(-6).
6
Let j(b) = -8*b + 28. Let n be j(3). Let o(d) = -d + 3. Determine o(n).
-1
Let h be (4/(-6))/(3/(-36)). Let f be (1 + -9)*h/(-16). Let z(m) = -m + 4. Calculate z(f).
0
Let z(w) be the third derivative of -5/6*w**3 + 1/24*w**4 - 10*w**2 + 0 - 1/60*w**5 + 0*w + 1/120*w**6. Calculate z(0).
-5
Let p be (-1 + -2 + -1)*-4. Let t = p + -10. Let o(l) be the second derivative of -l**4/12 + l**3 - 4*l**2 - 2*l. Give o(t).
-8
Let h(d) be the second derivative of -5*d**3/6 + 10*d**2 + 29*d. Let r(o) = -2*o + 7. Let q(z) = 3*h(z) - 8*r(z). Determine q(-3).
1
Let n(w) = 19*w - 41. Let y be n(2). Let m(i) = 2*i + 2. Calculate m(y).
-4
Let o(h) = h**2 - 6. Let x(y) = -y**2 + 1. Let v = -10 - -16. Let c(z) = v*x(z) + o(z). Let f be 1/(-9) - 70/(-63). Give c(f).
-5
Let b be (-3)/(((-4)/6)/((-40)/(-30))). Suppose -31 = -5*w - b. Let a(i) = -i**2 + 7*i - 5. Give a(w).
5
Let d(g) be the second derivative of g**5/20 - g**3/6 - 8*g. Let s be d(-2). Let q(t) = t**3 + 6*t**2 - 2*t - 4. What is q(s)?
8
Let a(p) = 0 - 19*p + p**2 - p**3 - 7 - 3*p**2 + 15 - 10*p**2. Give a(-10).
-2
Let t(w) = -3*w**3 - 2*w**3 - 5038*w**2 - 2*w + 6*w**3 + 5041*w**2. Give t(1).
2
Let f(q) = 3*q**2 + 3*q. Let p be f(-2). Suppose -p = -5*y + 19. Suppose 0*k = y*k + 15. Let c(x) = x**3 + 5*x**2 + 3*x - 1. Give c(k).
8
Let q(a) be the third derivative of -a**4/8 + a**3/2 - 7*a**2. Let p = -566 + 561. Give q(p).
18
Let o(k) = -k**3 + 8*k**2 + 12*k - 12. Let y(j) = j**3 + 23*j**2 + 14*j - 167. Let v be y(-22). Give o(v).
15
Let t(s) = s**3 + 2*s**2 + s + 3. Suppose 0 = 5*c - 7*c. Suppose 5*d + c*v + 10 = 5*v, -4*d + 5*v - 7 = 0. Calculate t(d).
-9
Let v be 50/(-15)*(-3)/2. Suppose -v = -z + 4*p - 31, 4*p + 4 = -4*z. Let m(n) = -n**3 - 5*n**2 + 5*n + 1. Calculate m(z).
7
Let j(z) = -3*z**2 - z**2 - 5 + z**3 + 4*z - 2*z. Suppose -4*o = -135 + 119. Calculate j(o).
3
Suppose a - 6*a = -10. Let s(j) = -6 + 6*j + a*j - 7*j. What is s(0)?
-6
Let h(y) be the third derivative of 3*y**2 - 1/12*y**4 + 1/2*y**3 + 1/15*y**5 + 0 + 0*y. Determine h(2).
15
Suppose 3*m + x = 13, -2*m - x + 0*x = -10. Let p(f) = 1 + f**m + f - 10 + 7 - f**2. What is p(0)?
-2
Let p(f) be the third derivative of -f**5/15 + f**4/24 + f**2. Let o be p(1). Let d be 1 - 2 - 6/o. Let g(y) = 9*y - 1. Calculate g(d).
8
Let w(v) = -5 + 2 - v - 3 + 2. Give w(-6).
2
Let r = 7 + -7. Suppose -8*x - 77 + 21 = r. Let s(t) = t**2 + 5*t - 7. Give s(x).
7
Let w(o) be the second derivative of -o**3/2 - 3*o**2/2 - 2*o. Suppose 0 = 33*p - 31*p + 4. What is w(p)?
3
Let o(l) = l**3 - 3*l**2 - 3*l - 2. Let j be o(4). Let c = j - -2. Let x(i) = -2*i**2 + 3*i - 4 - c + 3*i**2 + 4. What is x(-5)?
6
Let v(f) = 5*f**3 - f**2 - 5*f - 5. Let r(d) = -4*d**3 + 4*d + 4. Let o(s) = -6*r(s) - 5*v(s). Determine o(6).
-29
Let k be 1/3*(-24)/(-4). Let a be -1*k - -2*4. Let t(m) = 0 + 346*m + m**2 - 352*m + 1. Give t(a).
1
Let m(t) = t**2 + 7*t - 8. Supp